= 1631*a - 2506. Give v(2).
756
Let g(d) = -87*d**2 - 252*d + 167. Calculate g(-2).
323
Let i(w) = 26*w**2 - 10539*w - 21140. Calculate i(-2).
42
Let t(w) = w**2 - 35506*w + 1206056. What is t(34)?
8
Let w(m) = -2*m**3 - 120*m**2 - 1146*m + 6. Determine w(-12).
-66
Let c(r) = -5*r**2 - 476*r - 11035. Determine c(-47).
292
Let h(r) = -r**3 + 13*r**2 + 311*r - 1619. What is h(-15)?
16
Let h(b) = -b**3 - 217*b**2 + 4151*b - 18407. Give h(-235).
158
Let w(o) = 7*o**3 - 118*o**2 + 138*o + 156. Determine w(2).
16
Let z(u) = 3222*u + 32288. Give z(-10).
68
Let i(g) = -16927*g + 33916. Determine i(2).
62
Let l(v) = -17*v**3 + 224*v**2 - 41*v - 9. Calculate l(13).
-35
Let s(x) = 819*x + 88296. Calculate s(-111).
-2613
Let n(c) = -11*c**2 + 489*c + 60. What is n(51)?
-3612
Let s(f) = 75777*f + 227309. Determine s(-3).
-22
Let z(r) = 2*r**2 + 52393*r + 576072. Give z(-11).
-9
Let b(q) = 1244*q**2 - 90812*q - 9. Determine b(73).
-9
Let x(t) = 317703*t - 3812451. Calculate x(12).
-15
Let o(h) = -h**2 - 1104*h - 10931. What is o(-10)?
9
Let j(m) = 14*m**2 + 23595*m - 420634. Calculate j(-1703).
7
Let u(y) = y**2 + 30*y + 94. Calculate u(0).
94
Let a(r) = -17627*r - 422723. What is a(-24)?
325
Let g(v) = -9*v**2 + 6139. Determine g(-26).
55
Let k(g) = g**2 - 6431*g - 96604. Determine k(-15).
86
Let g(b) = 442*b + 329. Calculate g(-1).
-113
Let v(j) = -j**2 + 5625*j - 278737. Calculate v(50).
13
Let x(b) = 5*b**2 - 396*b - 5442. Determine x(-14).
1082
Let t(w) = -368744*w - 16593471. Give t(-45).
9
Let g(h) = 7*h**3 - 44*h**2 + 96*h - 207. Calculate g(3).
-126
Let g(s) = -1280*s + 133146. Calculate g(104).
26
Let l(k) = -2957*k - 1230108. What is l(-416)?
4
Let s(z) = 2*z**3 + 8*z**2 + 5*z + 35. Determine s(-4).
15
Let p(i) = 202325*i + 1213951. What is p(-6)?
1
Let c(x) = -15*x**2 + 96*x + 365. Calculate c(-12).
-2947
Let q(g) = -2*g**2 + 4964*g + 100087. Give q(-20).
7
Let m(w) = -396*w**3 - 2840*w**2 - 478*w - 15. What is m(-7)?
-1
Let k(o) = 65*o**2 - 2896*o - 11563. Give k(-4).
1061
Let r(y) = 14*y**2 - 1707*y + 5124. Determine r(3).
129
Let l(q) = 5886*q + 482625. Calculate l(-82).
-27
Let l(j) = 17977*j + 826942. What is l(-46)?
0
Let q(h) = h**3 - 63*h**2 + 216*h + 394. What is q(59)?
-786
Let m(u) = u**3 + 214*u**2 + 5529*u + 1645. Give m(-184).
-11
Let x(r) = -r**2 + 518*r + 24592. Give x(-44).
-136
Let n(y) = 555*y - 119862. Calculate n(215).
-537
Let z(f) = -27384*f - 684864. Calculate z(-25).
-264
Let o(t) = 3*t**3 - 163*t**2 - 160*t + 2663. Determine o(55).
-87
Let s(j) = j**2 - 43017*j - 688520. Determine s(-16).
8
Let b(v) = -11275*v + 11230. What is b(1)?
-45
Let p(w) = -3055*w - 672. Calculate p(-1).
2383
Let l(s) = -85*s**2 - 245*s + 220. Calculate l(-3).
190
Let b(n) = 3*n**3 + 94*n**2 - 5160*n + 1. Give b(-60).
1
Let u(f) = 6*f**3 + 39*f**2 - 140*f - 790. Calculate u(-7).
43
Let v(k) = -k**3 + 83*k**2 + 152*k - 19704. Give v(82).
-516
Let i(b) = -4*b**3 + 60*b**2 + 346*b - 195. What is i(19)?
603
Let s(n) = -34499*n + 138160. Give s(4).
164
Let u(k) = -k**3 - 66*k**2 - 53*k + 8571. What is u(-63)?
3
Let q(c) = 3*c**2 + 70*c - 377. Calculate q(4).
-49
Let g(s) = -28*s**2 + 34*s - 23. Determine g(3).
-173
Let p(b) = -513*b - 8715. Give p(-16).
-507
Let r(m) = -2*m**3 - 21*m**2 - 195*m - 4075. Determine r(-14).
27
Let p(k) = 562*k + 975. Determine p(-1).
413
Let s(h) = 12238*h + 36550. Calculate s(-3).
-164
Let u(l) = -9*l**2 - 89*l + 569. Determine u(7).
-495
Let p(u) = u**3 + 131*u**2 + 1409*u - 228. Determine p(-119).
2033
Let z(n) = -3*n**3 - 10*n**2 + 5168*n + 20651. Give z(-4).
11
Let f(w) = w**3 - 31*w**2 + 210*w + 171. Give f(22).
435
Let s(o) = -5*o**3 - 1786*o**2 + 6160*o + 2326575. Determine s(-357).
6
Let l(y) = -21305*y - 106899. Determine l(-5).
-374
Let i(b) = -4*b**3 - 118*b**2 - 765*b - 98. Calculate i(-20).
2
Let y(q) = 256*q**2 - 248*q - 13. Calculate y(1).
-5
Let w(q) = -1167*q + 4725. Calculate w(4).
57
Let f(m) = m**3 + 61*m**2 - 1296*m + 2346. Calculate f(-78).
6
Let m(i) = 2*i**3 - 145*i**2 - 1910*i + 31. What is m(84)?
1879
Let w(z) = -145*z - 30. Calculate w(0).
-30
Let o(m) = m**3 + 118*m**2 + 12*m + 1423. Determine o(-118).
7
Let w(z) = -2562*z + 535610. Calculate w(209).
152
Let p(g) = -g**2 + 394*g - 27852. Determine p(100).
1548
Let l(n) = 408504*n + 20425213. Give l(-50).
13
Let b(m) = 168*m**2 + 172*m - 777. Determine b(-3).
219
Let h(c) = -c**3 + 2*c**2 + 78*c + 219. Calculate h(-4).
3
Let x(g) = 2*g**3 + 100*g**2 + 367*g + 41. Give x(-46).
87
Let y(b) = 4374*b + 18491. Determine y(-5).
-3379
Let i(z) = z**2 - 7*z - 19825. Calculate i(-137).
-97
Let j(z) = z**3 + 66*z**2 - 73*z - 4697. What is j(-66)?
121
Let m(l) = -l**3 - 80*l**2 - 966*l + 149. Determine m(-15).
14
Let d(b) = 1164*b**2 - 9872*b + 4476. Calculate d(8).
-4
Let d(v) = 4*v**2 + 41*v - 2125. Give d(-29).
50
Let o(r) = -2670*r + 408514. What is o(153)?
4
Let m(n) = n**2 - 7*n - 2889. Determine m(-29).
-1845
Let z(q) = -283175*q - 27184785. What is z(-96)?
15
Let t(y) = 3*y**3 - 1023*y**2 - 8371*y - 1773. Determine t(349).
-28
Let r(d) = -5662*d + 22943. Determine r(4).
295
Let f(c) = c**3 - 12*c**2 - 114*c - 75. Determine f(16).
-875
Let l(p) = 73157*p - 438935. What is l(6)?
7
Let t(y) = y**3 + 4*y**2 - 128*y + 475. Determine t(6).
67
Let k(l) = -4*l**2 - 327*l - 1647. What is k(-80)?
-1087
Let h(b) = -394*b + 39014. Give h(92).
2766
Let b(m) = -2*m**3 - 75*m**2 + 3237*m - 9917. What is b(-64)?
3
Let m(f) = -189*f**2 - 1470*f + 306. Give m(-8).
-30
Let c(s) = 2*s**3 - 4*s**2 - 5154*s + 25626. What is c(5)?
6
Let l(v) = v**3 - 14*v**2 + 3*v + 49. Determine l(8).
-311
Let g(f) = 483*f - 116891. Calculate g(242).
-5
Let h(q) = 14455*q + 303560. Calculate h(-21).
5
Let v(f) = -f**2 + 1499*f - 28113. What is v(19)?
7
Let u(b) = -3*b**2 - 401*b + 17314. Calculate u(-168).
10
Let l(f) = -218*f + 23575. Determine l(108).
31
Let c(z) = 236*z**2 + 64*z + 69. Determine c(-1).
241
Let a(f) = -f**3 + 14*f**2 + 186*f + 5699. Determine a(28).
-69
Let r(t) = 3*t**3 - 121*t**2 - 88*t - 100. Calculate r(41).
-346
Let r(k) = -17*k**2 + 321*k - 603. Give r(15).
387
Let b(w) = -27*w + 366. What is b(1)?
339
Let z(y) = 878*y**2 - 14043*y - 137. What is z(16)?
-57
Let k(q) = 7620*q + 518149. Determine k(-68).
-11
Let q(d) = d**2 - 308368*d + 2466936. Determine q(8).
56
Let x(q) = -20*q**2 + 2430*q - 3391. Determine x(120).
209
Let i(v) = 11*v**3 + 3*v**2 - 790*v + 787. What is i(1)?
11
Let h(w) = 2*w**2 - 1444*w + 25334. Give h(18).
-10
Let g(x) = -2*x**2 - 1210*x + 20899. What is g(17)?
-249
Let a(d) = 2*d**2 + 4138*d - 2507823. Calculate a(490).
-3
Let m(g) = 4*g**3 + 6*g**2 + 824*g + 3296. Determine m(-4).
-160
Let f(a) = -a**3 + 37*a**2 - 339*a + 22. Calculate f(16).
-26
Let u(h) = -4165*h + 658053. Determine u(158).
-17
Let g(b) = -502*b - 37205. Calculate g(-74).
-57
Let l(o) = -359*o**2 - 3227*o - 32. What is l(-9)?
-68
Let v(a) = 951*a + 356638. Determine v(-375).
13
Let s(g) = 15*g**2 + 401*g - 519. Give s(-33).
2583
Let d(f) = -25135*f + 150793. Determine d(6).
-17
Let p(z) = 2954*z - 200824. Determine p(68).
48
Let k(q) = 4*q**3 - 34*q**2 - 2687*q + 21624. Calculate k(8).
0
Let n(v) = 70*v + 18439. Determine n(-244).
1359
Let c(j) = 87*j + 2426. Give c(-26).
164
Let a(q) = 2473*q - 148217. Give a(60).
163
Let m(s) = -13209*s + 171796. Calculate m(13).
79
Let w(o) = 12390*o + 35832. Give w(-3).
-1338
Let v(u) = -717*u**2 - 99664*u - 379. Calculate v(-139).
-240
Let o(w) = w**2 + 29*w - 347. Give o(11).
93
Let p(m) = -m**2 + 3083*m + 301933. Give p(-95).
23
Let a(h) = -91567*h - 12636233. What is a(-138)?
13
Let f(d) = 384*d + 16585. Determine f(-41).
841
Let w(z) = z**2 + 6096*z - 30584. Give w(5).
-79
Let g(y) = 8*y**3 + 30*y**2 - 7*y - 61. Calculate g(-3).
14
Let l(c) = 5*c**2 - 5*c - 463. Determine l(10).
-13
Let h(i) = i**3 + 23*i**2 - 1042*i - 10406. Determine h(-42).
-158
Let p(x) = x**3 + 11*x**2 + 605*x + 10960. What is p(-16)?
0
Let b(q) = q**3 + 26*q**2 + 377*q + 9776. Determine b(-26).
-26
Let s(n) = -n**2 - 64631*n + 775709. Determine s(12).
-7
Let j(u) = -u**3 - 97*u**2 - 96*u + 38. What is j(-96)?
38
Let z(o) = -6*o**3 - 122*o**2 - 193*o - 3042. Give z(-20).
18
Let j(t) = t**3 - 2*t**2 - 1362*t + 8026. Give j(6).
-2
Let c(y) = 25*y**2 + 8